te?
True
Suppose -7*z = -4*k + 419232, 4*k + 2*z = -136543 + 555739. Is k composite?
False
Let h be ((12 + -1)*-509)/((-1)/4). Suppose -o + 5*o + 4*p - h = 0, 5*p + 5581 = o. Suppose o = 10*m - 6*m. Is m prime?
True
Let t(g) = g**3 + g**2 + g - 1. Let p(o) = 13*o**3 + 4*o**2 - 11*o - 11. Let r(h) = -p(h) + 2*t(h). Is r(-7) composite?
False
Let x(b) = 108*b - 330. Let w(u) = -54*u + 167. Let j(r) = -9*w(r) - 5*x(r). Is j(-29) a composite number?
True
Let x(p) = -19 - 14*p + 32*p - 17*p. Let w be x(21). Suppose -43 - 115 = -w*o. Is o a prime number?
True
Suppose -4*p + 47950 = -3*c, -17084 - 6886 = -2*p + 4*c. Is p prime?
False
Suppose -244241 = -j + 18*r, -3*j + 143312 = 2*r - 589131. Is j a composite number?
True
Suppose 45*p + 83427 = 555702. Is p prime?
False
Let p = -1482 - -321. Let s = 2038 + p. Is s a composite number?
False
Let y = 21411 + 3594. Suppose -j + 6168 = y. Is j/(-92) + 1/4 composite?
True
Let b(q) = 34972*q - 59. Is b(1) a composite number?
False
Let m(t) = 18*t. Let l be m(2). Let n be ((-7)/21)/(34/l + -1). Is (43*-1)/((0 + n)/(-78)) a prime number?
False
Is 692157/9 - 20/6 a composite number?
True
Let d(z) = 4*z**3 + 3*z**2 + 5*z - 3. Let v(r) = 4*r**3 + 4*r**2 + 5*r - 2. Let o(m) = 3*d(m) - 4*v(m). Let j = 60 + -64. Is o(j) a composite number?
False
Let a(g) be the second derivative of -55*g**3/3 - 3*g**2/2 + 2*g + 10. Suppose -2*x = -5*z - 3, 2*z = -2*x - 25 - 7. Is a(x) a composite number?
True
Suppose -6*s + 2*s + 16 = 0, -t + 2*s - 92 = 0. Let u = t + 251. Let j = u - -44. Is j prime?
True
Let t = -23414 + 42645. Is t a prime number?
True
Suppose 3*n - 67450 = 2*b - 1017108, b = 4*n + 474839. Is b prime?
False
Let o = 381936 - 202157. Is o prime?
True
Suppose 48*c - 18 = 46*c. Suppose c*w - 2*a + 40524 = 13*w, -w + 10121 = 3*a. Is w composite?
False
Suppose -9146 + 141488 = 21*m. Let f = 20113 - m. Is f composite?
True
Let x = -129315 - -309836. Is x prime?
False
Is 37588 - (4 - 17 - -27) composite?
True
Suppose -5*z + 23000 = -0*z. Suppose 4*s + 16*s = z. Suppose -2*y + s = -768. Is y a prime number?
True
Let o = -5885 - -29044. Is o composite?
False
Is (6 - -26) + 488258 + 2*(-1)/(-2) a prime number?
False
Let v(g) = 2033*g**2 - 13*g + 35. Let j = -32 - -35. Is v(j) a composite number?
True
Is ((-3)/(-15))/(1/1383145) prime?
True
Let k(p) = 1125*p + 2 - 219*p - 55. Let l be k(6). Let f = -792 + l. Is f a composite number?
False
Let c = 11098 - -12579. Is c a composite number?
False
Suppose -3*g - 1 = -7. Suppose 7*v + 20 = 2*n + g*v, 4*n - 4*v - 64 = 0. Suppose 4*o + n = -0*o, r + 4*o = 189. Is r prime?
False
Suppose 5*w = -2*w + 14. Suppose -4*h - 24 = -4*t, -4*t + 23 = -w*h - 3. Suppose -8*d + t*d = -299. Is d composite?
True
Let k = 114 + -109. Suppose 335 = 3*y - 415. Suppose 3*o = k*o - 2, -c + y = -4*o. Is c prime?
False
Is 979758 + (-8 + 5)*-7 composite?
True
Let u(w) be the first derivative of -5*w**3/3 + 81*w**2/2 + 2*w + 65. Is u(12) composite?
True
Suppose n = -4*p + 10, 0 = -n + 3*n - 4. Suppose z + 185 = -2*o + 43, 3*z - p*o = -450. Let f = z - -282. Is f composite?
True
Let g = 915 + -501. Let d = g - 229. Is d prime?
False
Is (-14741763)/(-39) - -5 - (-14)/182 prime?
True
Let f be -22*(4 - (-76)/(-16))*6. Let k = f - 78. Suppose 0 = -k*o + 12*o + 15813. Is o prime?
False
Let o = 98 - 95. Suppose i + 44 = o*i + 4*r, -i + 2*r = -26. Suppose 29*u - 3995 = i*u. Is u a composite number?
True
Let l = -44 - -48. Suppose 16 = -2*v + l*v. Suppose -v*z + 0*z = -4520. Is z prime?
False
Let v = 268504 + -32201. Is v a composite number?
True
Suppose -9 = 7*n - 6*n. Let j be ((-1)/(-2))/(n/58680). Let g = j + 4725. Is g prime?
False
Let j(u) = 4*u + 467. Is j(-85) composite?
False
Suppose 0 = -4*r + 4*b + 2501776, 0 = 5*r - 21*b + 24*b - 3127276. Is r composite?
False
Suppose -3*i - 440482 = -4*d, 104*i = -2*d + 106*i + 220242. Is d a prime number?
True
Let a(v) = v**2 + 3*v - 10. Let t be a(-6). Suppose -9*p = -t*p - 7. Suppose -5*b + p*b = 1294. Is b a composite number?
False
Let b(y) = 409*y**2 - 47*y + 200. Let s be b(4). Suppose s = 2*t + 2*t. Is t a prime number?
False
Let g(j) = -506*j**2 + 23*j - 5. Let y be g(20). Is (-4)/(-6)*y/(-10) composite?
False
Let u(t) be the second derivative of 21*t**4/4 + t**3/6 + 3*t**2/2 - 2*t. Let n be 4 - 5/((-35)/(-14)). Is u(n) prime?
True
Let d(v) = v**3 - 12*v**2 + 6*v + 4. Let h be d(4). Is ((-98740)/h)/((-1)/(-5)) a prime number?
True
Let a be (-8)/(-28) + 26/7. Suppose -44 = a*y + 8. Let o = y - -2166. Is o composite?
False
Let r = -11661 + 3066. Let m = 17518 + r. Is m a prime number?
True
Suppose 2*b - 24 = 5*j, -b - j - 3 + 1 = 0. Suppose b*i = 10*i + 88. Let k(u) = -29*u - 32. Is k(i) prime?
False
Let s(v) = 113*v**2 - 288*v + 566. Is s(-57) a composite number?
True
Let d(l) = -l**2 - 32*l - 37. Let p be d(-28). Suppose -18*i + 3*i + p = 0. Suppose 0 = -i*g - 5*r + 3346 - 881, 2000 = 4*g - 3*r. Is g a prime number?
False
Let k = -143 + 103. Is -526*8/k*(-50)/(-4) a prime number?
False
Suppose 26*l + 170 = 16*l. Is (-109106)/(-30) - l/(1785/14) a composite number?
False
Let l(q) = -499*q**3 + 8*q**2 - 58*q - 403. Is l(-8) prime?
False
Let z be (21/(-4))/(27/(-72)). Suppose 5928 = j + q, -j + z*q = 11*q - 5908. Is j composite?
False
Let n(s) = 9*s**2 - 4*s - 12. Let h(w) = w**2 - 10*w - 5. Let t be h(10). Let i be n(t). Suppose -13 = 4*q - i. Is q a prime number?
False
Let t(g) = -144155*g + 5164. Is t(-3) a composite number?
False
Let i(n) = 171 + 5*n**2 - 77 - 26*n - 66. Is i(-15) composite?
False
Let y = -40 + 31. Let o be -2 - 1116/(y/3). Suppose o = 3*h - 263. Is h a composite number?
False
Suppose -629061 = 63*q - 127*q + 61*q. Is q composite?
False
Let c(n) = -387*n**2 + 4*n - 4. Let i be c(-5). Let q = -3862 - i. Suppose -2*w + 7*w - q = -v, v + 3*w - 5845 = 0. Is v a prime number?
True
Is (-2)/(-11) - 20/(-220)*1047539 prime?
True
Suppose 5*f - 731302 + 109257 = 397800. Is f composite?
False
Suppose 3*m + 2*m + 3*r = 8, r = -5*m + 6. Let j(s) = 10*s + 592. Let u(x) = -x - 1. Let n(a) = m*j(a) + 5*u(a). Is n(0) a prime number?
True
Let p(g) = -6 - 2*g - 5 + 1520*g**2 + 10. Is p(1) a composite number?
True
Let i = -430 + 430. Suppose i = -27*l + 18*l + 45891. Is l prime?
True
Let w be 397/((-48)/6 + 7). Let n = 292 - w. Is n prime?
False
Suppose -2*f + 261443 = 3*k, 11*f - 5*k = 7*f + 522941. Is f a composite number?
False
Let x(a) = 6*a - 4. Let u be x(3). Let r be (67 - -2 - -2) + (-3 - -9) + -4. Let z = u + r. Is z composite?
True
Let w(k) = k**3 + 6*k**2 + 6*k + 10. Let y be w(-5). Suppose 60 = -5*f + y*n, -3*f = 6*n - n + 20. Is (-1899)/(-15) - f/25 composite?
False
Let v(n) = 323*n**2 - 179*n + 4947. Is v(29) a prime number?
False
Suppose -4*i = -5*f + 892, -205 = 5*f + 5*i - 1070. Suppose 0 = 185*w - f*w - 29115. Is w composite?
True
Suppose -5*g = -z, -2*z = -5*g + 2*z. Suppose -15*r + 20*r - 14065 = g. Is r a prime number?
False
Let t(n) = 7*n + 27. Let q = -40 + 35. Let v be t(q). Is (-2)/v - (-72897)/44 a composite number?
False
Let t(n) = 73361*n**2 + 18*n - 28. Is t(-3) a prime number?
True
Suppose 309702 + 1064343 = 15*i. Is i composite?
True
Let z be (-66)/44*(-22)/(-3). Is 1/(6/17133)*(-22)/z composite?
False
Suppose -102*u + 99*u = 0. Is 3976/1 - (u + 3) prime?
False
Let u(f) = -14*f + 170. Let j be u(-23). Let q be -2*(-1)/((-2)/273). Let g = j + q. Is g a prime number?
False
Suppose -5*n + 16 = 1. Let r be 0 + (-19)/(80/28 - n). Suppose i = 432 + r. Is i prime?
False
Suppose -32208 = -14*m + 26*m. Let d = m - -5721. Is d a prime number?
True
Suppose 4*p - 32 = -20. Suppose 894 = 3*i + 4*z, p*i - 4*z - 372 = 522. Is i a composite number?
True
Suppose -3*f + 731677 = -4*k, 368*k - 243855 = -f + 364*k. Is f a prime number?
False
Let h be 4/((-72)/459)*(-138)/(-9). Let k(o) = -18*o**2 + 5*o + 1. Let b be k(6). Let y = h - b. Is y composite?
True
Let u be -1 + 4/5 + 22/10. Suppose -2*g - 2913 = u*h - 989, -h = -5*g + 980. Let k = 1912 + h. Is k a composite number?
False
Suppose -l = -2*l + 3. Suppose -2*t + l*v + 2751 = 0, 3*t - 203 = -3*v + 3946. Let b = t - 189. Is b a composite number?
True
Let g be -2 - (-10)/(-15)*-3. Suppose i - 3*v - 116 = 0, -i + g*i = v - 132. Let l = i + 230. Is l a composite number?
True
Suppose 0 = -2*t - 4*c +